{"id":2,"date":"2012-04-16T10:21:40","date_gmt":"2012-04-16T10:21:40","guid":{"rendered":"http:\/\/abzturistico.com\/?page_id=2"},"modified":"2012-04-16T18:50:04","modified_gmt":"2012-04-16T18:50:04","slug":"pagina-ejemplo","status":"publish","type":"page","link":"https:\/\/abzturistico.com\/?page_id=2","title":{"rendered":"Inicio"},"content":{"rendered":"<p><strong>ABZ TURISTICO<br \/>\n<\/strong>Es una revista de calidad dirigida a la industria tur\u00edstica, rica en contenidos editoriales y rese\u00f1as de eventos y acontecimientos m\u00e1s relevantes del medio, siempre actual, con un dise\u00f1o y formato atractivo, con una excelente calidad de impresi\u00f3n; de lectura f\u00e1cil y amena que ha colocado al ABZ TURISTICO en la preferencia de los profesionales del turismo.<\/p>\n<p><strong>COBERTURA<br \/>\n<\/strong>Actualmente se cubren<strong> <\/strong>dieciocho estados de la rep\u00fablica mexicana\u00a0del occidente, noroeste y sureste del pa\u00eds (Jalisco, Michoac\u00e1n, Guanajuato, Colima, Sinaloa, San Luis Potos\u00ed, Quer\u00e9taro, Aguascalientes, Zacatecas, Durango, Quintana Roo, Yucat\u00e1n, Chihuahua, Nayarit, Coahuila, Baja California Sur, Guerrero y Campeche)<\/p>\n<p><strong>DISTRIBUCION Y CIRCULACION<br \/>\n<\/strong>V\u00eda nuestra propia mensajer\u00eda tur\u00edstica y red de distribuidores hacemos llegar mano a mano directamente a m\u00e1s de 1650 agencias de viajes y cerca de 1,000 empresas tur\u00edsticas en la ciudades y localidades mas importantes de las regiones antes mencionadas.<\/p>\n<p>&nbsp;<\/p>\n<table width=\"600\">\n<tbody>\n<tr>\n<td><img loading=\"lazy\" decoding=\"async\" src=\"\/img\/dardo.jpg\" alt=\"\" width=\"375\" height=\"225\" \/><\/td>\n<td><strong>PERFIL DEL ANUNCIANTE<\/strong><\/p>\n<p>Industria tur\u00edstica que oferte servicios y productos tur\u00edsticos y genere informaci\u00f3n dirigida a las agencias de viajes.<\/p>\n<p><strong>PERFIL DEL LECTOR<\/strong><\/p>\n<p>Profesionales que laboran en la industria tur\u00edstica mexicana que tienen la necesidad de mantenerse informados de promociones y de la oferta tur\u00edstica disponible.<\/td>\n<\/tr>\n<\/tbody>\n<\/table>\n","protected":false},"excerpt":{"rendered":"<p>ABZ TURISTICO Es una revista de calidad dirigida a la industria tur\u00edstica, rica en contenidos editoriales y rese\u00f1as de eventos y acontecimientos m\u00e1s relevantes del medio, siempre actual, con un dise\u00f1o y formato atractivo, con una excelente calidad de impresi\u00f3n; de lectura f\u00e1cil y amena que ha colocado al ABZ TURISTICO en la preferencia de los profesionales del turismo. COBERTURA Actualmente se cubren dieciocho estados de la rep\u00fablica mexicana\u00a0del occidente, noroeste y sureste del pa\u00eds (Jalisco, Michoac\u00e1n, Guanajuato, Colima, Sinaloa, San Luis Potos\u00ed, Quer\u00e9taro, Aguascalientes, Zacatecas, Durango, Quintana Roo, Yucat\u00e1n, Chihuahua, Nayarit, Coahuila, Baja California Sur, Guerrero y Campeche) DISTRIBUCION [&hellip;]<\/p>\n","protected":false},"author":1,"featured_media":0,"parent":0,"menu_order":0,"comment_status":"open","ping_status":"open","template":"","meta":{"footnotes":""},"class_list":["post-2","page","type-page","status-publish","hentry"],"_links":{"self":[{"href":"https:\/\/abzturistico.com\/index.php?rest_route=\/wp\/v2\/pages\/2","targetHints":{"allow":["GET"]}}],"collection":[{"href":"https:\/\/abzturistico.com\/index.php?rest_route=\/wp\/v2\/pages"}],"about":[{"href":"https:\/\/abzturistico.com\/index.php?rest_route=\/wp\/v2\/types\/page"}],"author":[{"embeddable":true,"href":"https:\/\/abzturistico.com\/index.php?rest_route=\/wp\/v2\/users\/1"}],"replies":[{"embeddable":true,"href":"https:\/\/abzturistico.com\/index.php?rest_route=%2Fwp%2Fv2%2Fcomments&post=2"}],"version-history":[{"count":0,"href":"https:\/\/abzturistico.com\/index.php?rest_route=\/wp\/v2\/pages\/2\/revisions"}],"wp:attachment":[{"href":"https:\/\/abzturistico.com\/index.php?rest_route=%2Fwp%2Fv2%2Fmedia&parent=2"}],"curies":[{"name":"wp","href":"https:\/\/api.w.org\/{rel}","templated":true}]}}